u - 130. Let d be o(31). What is n(d)?
3
Let k(y) = -y**3 + 2*y**2 + 3*y - 4. Let u = 164 - 593. Let i = -427 - u. Calculate k(i).
2
Let b(g) = -11*g**2 + 81*g - 12. Let u(p) = 2*p**2 - 13*p + 1. Let z(n) = -b(n) - 6*u(n). What is z(3)?
-12
Let m(p) = -3*p - 9. Let y(g) = g**3 + 8*g**2 + 40*g - 8. Let j be y(-9). Let f = j + 438. Give m(f).
24
Let w(y) = 3*y - 10. Let n = -448 - -73. Let a = n + 382. Calculate w(a).
11
Let a(p) = -6*p + 3. Let q(m) = -5*m + 3. Let h(j) = -6*a(j) + 7*q(j). Let t = 3036 - 3044. Determine h(t).
-5
Suppose 199*s - 39 - 572 - 583 = 0. Let g(l) = l + 2*l - l**3 + l**2 + 4*l**2. What is g(s)?
-18
Let j(w) = w - 16. Suppose 2*z - t = 355, 4*z - 568 = -3*t + 157. Suppose -z = -3*u - 137. Calculate j(u).
-2
Let s(g) = -g**3 - g**2 + 2*g - 7. Suppose 52*y = 47*y. Let t be s(y). Let q(n) = n + 1. Let u(a) = 5*a + 8. Let c(f) = -4*q(f) + u(f). What is c(t)?
-3
Let a(h) = 23*h**2 - 53*h + 14. Let w be a(2). Let o(r) be the first derivative of 4*r + 1/4*r**4 + 1/3*r**3 - 11 + w*r**2. What is o(-3)?
-14
Suppose t = 4*a - 64, a - 4*t + 544 = 560. Let y(f) = f + 5. What is y(a)?
21
Let i(t) = 201*t**2 - 12 - 587*t**2 + 195*t**2 + 197*t**2 + t**3 - 136*t. Determine i(-15).
3
Let g(k) = -6*k + 52. Let v(d) = 3*d**2 - 37*d + 71. Let f be v(2). What is g(f)?
-2
Suppose 0*w - 5 = -w. Let t = w - 12. Let u(i) = i**2 + 9 + 6*i - 2 - 5. What is u(t)?
9
Let l(g) = 21*g. Let y(m) = -123*m + 1. Let z(i) = -6*l(i) - y(i). Give z(1).
-4
Let z(w) = -2*w - w + 55 - w + 80 - 111. What is z(4)?
8
Let y = 648 + -641. Suppose -43 - y = -10*j. Let g(r) = -r**3 + 5*r**2 + 4*r - 5. Give g(j).
15
Let t(a) = -a - 7. Let v = -41 + 49. Let b = v + -5. Let p be (-17 - (0 - b))*(-1)/(-2). Calculate t(p).
0
Suppose 57*x = -48*x + 28*x + 154. Let s(q) = -21*q**2 - q + 1. Determine s(x).
-85
Let i(f) = f**2 - 10*f + 12. Let x(w) = 3*w**2 + 6*w + 3. Let a be x(-4). Let c = 9 - -10. Let h = a - c. What is i(h)?
-4
Let h(q) = -q - 12. Let r be (4/(-6))/(16/(-70)*345/(-828)). Calculate h(r).
-5
Let g be ((-3030)/105 - -26)*(-7)/(-2). Let p(l) = -2*l**2 - 22*l - 26. Calculate p(g).
-6
Let k = -559 - -562. Let y(b) = b**3 + b**2 - 8*b + 5. Determine y(k).
17
Let d = 111 - -92. Let q = 203 - d. Let h(u) = u - 1. What is h(q)?
-1
Let a = -646 + 644. Let m(r) = -4*r**2 - 2*r. Give m(a).
-12
Let u(a) = -6*a**2 + 20*a - 21. Let g(k) = -14*k**2 + 50*k - 53. Let w(j) = -5*g(j) + 12*u(j). Calculate w(2).
-15
Let u(r) = r - 4. Let p(t) = -24*t - 158. Let g be p(-7). Suppose m + 2*o - g = 0, 0 = 4*m + 3*o - 2*o - 5. Calculate u(m).
-4
Let z(w) = -w - 1. Let t(g) = 11*g - 34*g + 3 + 29*g. Let q(f) = 6*t(f) + 17*z(f). Calculate q(-1).
-18
Let h be 89/(-9) + 5*(-5)/225. Let m(k) = k**3 + 11*k**2 - 2*k + 8. Give m(h).
128
Suppose -2*b + 2*h + 2 = 0, -7*b = -2*b + 5*h - 5. Suppose v - u = -10, -4*v + 3*u + b - 37 = 0. Let x(j) = 3*j - 1. Give x(v).
-19
Suppose 4 = 4*g + j, -g + 0*j - 2*j - 6 = 0. Let o(v) = 90*v + 87*v + 85*v + v**2 + 0 + 86*v + 5 - 353*v. Determine o(g).
-1
Let a(r) = -3*r + 2. Let g(i) = -i + 3. Let h(x) = 4*x + 11. Let f(m) = -6*g(m) + h(m). Let j(o) = 7*a(o) + 2*f(o). Determine j(-6).
6
Let i(u) be the second derivative of 1/60*u**5 + 1/6*u**4 + 7*u + 0*u**2 - 1/360*u**6 + 5/3*u**3 + 0. Let f(c) be the second derivative of i(c). Determine f(4).
-4
Let x(l) = 4*l. Let i be x(2). Suppose -d - 4*s = 18, -8*d + 13 = -9*d - 3*s. Let q(h) = -i + 10 - h + d*h. Determine q(3).
5
Suppose 8 + 45 + 15 = -17*x. Let g(t) = -t**3 - 4*t**2 - 6*t - 6. Determine g(x).
18
Let b = 647 + -640. Let x(w) = 5*w**3 - 12*w**2 + 6*w + 3. Let h(t) = 9*t**3 - 23*t**2 + 11*t + 5. Let f(n) = b*x(n) - 4*h(n). Determine f(8).
-15
Suppose n - 7 = 5. Suppose n*r = 17*r + 40. Let q(p) = 12*p**3 + 26*p**2 - 11*p**3 - 11 - 19*p**2 - 10*p. What is q(r)?
5
Let y be -10 + 7 - (-25)/(-5). Let o(t) = -t**3 - 7*t**2 - 10. Determine o(y).
54
Let x(k) = -k**3 + 9*k**2 - 14*k - 14. Suppose -11*l = -7*l - 4*h - 44, 3*l + 2*h - 13 = 0. Give x(l).
-14
Let z(r) = -26*r + 4659 + 5*r**3 + 4656 - 6*r**3 - 9339 - 20*r**2. Calculate z(-19).
109
Let s(y) be the third derivative of 4*y**2 + 5/24*y**4 + 0*y + 0 - 1/60*y**5 + 5/6*y**3. Let r be (5/(-40)*-6)/((-1)/(-8)). What is s(r)?
-1
Suppose 25*b = 14*b + 33. Suppose -19 + 24 = -c + t, -b*c = 3*t - 15. Let q(s) = -3 + s**2 + 7*s - 7*s. Calculate q(c).
-3
Let b = 666 - 658. Let s(v) = v**2 - 12*v + 33. Give s(b).
1
Let z(s) = -2*s**2 + 9*s - 5. Let w be z(1). Let d(h) be the first derivative of w*h**2 + 32 - 2*h**3 - 4*h + 1/4*h**4. Give d(5).
-9
Let h(c) be the second derivative of c**4/4 + c**3/2 + c**2/2 + c. Let k be h(-2). Let f(q) = -20*q + 9 - 3 + 18*q. What is f(k)?
-8
Let w(c) be the third derivative of -c**6/120 + c**5/12 - c**4/6 - c**3/6 - 2684*c**2. Let q(h) = h**3 - 8*h**2 + 4. Let y be q(8). Calculate w(y).
-1
Let y(k) = -k**3 + 3*k**2 + 3*k + 1. Suppose -549 = -6*t - 531. What is y(t)?
10
Let g(w) = -2*w**3 - 55*w**2 - 78*w + 23. Let t be g(-26). Let o(s) = -2*s**2 + 43*s + 26. Determine o(t).
-43
Let h(p) = 0*p + 210 - 423 + 219 - 3*p. Let s(a) = -2*a + 5. Let c(d) = -3*h(d) + 4*s(d). Calculate c(-4).
-2
Let j = 109 + -107. Suppose -2*s - 50 = -j*r, -4*r + 2*s = -5*r + 16. Let c(b) = r*b**3 + b**2 + 1 + b + 6*b + 0*b**2 - 5*b. Determine c(-1).
-22
Let h(x) = x**2 - 45*x - 9. Let y(w) = -w**2 + w - 5. Let c(k) = h(k) - 6*y(k). Determine c(7).
7
Suppose 0 = 56*y - 61*y - 2*n + 27, -2*y - 12 = -3*n. Let x(j) = 3*j**3 - j**2 + 9. Determine x(y).
81
Let f(j) be the third derivative of -j**5/24 - j**4/8 + 43*j**3/6 - 4*j**2 + 3*j. Let n(u) be the first derivative of f(u). Determine n(3).
-18
Let c(n) be the first derivative of -n**4/4 + 7*n**3/3 + 2*n**2 - 3*n - 611. Calculate c(9).
-129
Suppose 2*t + h = 22 - 8, 5*h - 28 = -3*t. Let r(w) be the first derivative of -w**4/4 + 5*w**3/3 + 2*w**2 + 6*w - 12. Calculate r(t).
-6
Let j(x) be the second derivative of -3/2*x**2 - x - 1/6*x**3 - 7. Give j(-9).
6
Let p(h) = 8. Let g(w) = w - 8. Let d(r) = 3*g(r) + 2*p(r). Let z be (7 + (3 - 638/66))*15. What is d(z)?
7
Let h(q) = 20*q + 75. Let i(j) = -j**3 - 8*j**2 + 22*j + 172. Let b be i(-8). Determine h(b).
-5
Let t(m) = -2*m**2 + 12*m - 31. Suppose 10*f + h = 11*f - 11, -27 = -5*f + h. Determine t(f).
-15
Suppose r + 0*x + x - 3 = 0, 0 = 2*r - x - 3. Let z be 3 + (-5)/5*-2. Let u(y) = 0 + 1 - z*y + 12*y - y**r - 5. Determine u(7).
-4
Suppose 0*a - a + 5 = -11. Let j(x) = -x + 58. Determine j(a).
42
Let u(i) be the second derivative of 71*i + 0 + 3/2*i**2 - 1/6*i**3. Give u(-5).
8
Let y be 3/(-6 + (-2)/(-8)*27). Let v(w) = -w + 20. What is v(y)?
16
Let w be (-2)/5 + 39/(-15). Let u(n) = -6*n**3 + 12*n**2 - 6. Let k(s) = 259 + 13*s**2 - 252 - 28*s**2 + 7*s**3. Let b(q) = 5*k(q) + 6*u(q). Determine b(w).
-1
Let j(p) = 78*p + 32. Let d(c) = -119*c - 49. Let h(r) = -5*d(r) - 8*j(r). Calculate h(3).
-98
Suppose 37*g + 65*g = 0. Let h(j) = j**2 - 23*j - 10. Determine h(g).
-10
Let w(m) = -7*m**2 - 15*m - 15. Let o(r) = 15*r**2 + 31*r + 32. Let t = -18 + 24. Let s(d) = t*o(d) + 13*w(d). What is s(-9)?
-3
Let z(x) = -x**2 - 7*x + 2. Let o = 580 - 581. Let n(w) = -2*w - 6. Let v be n(o). Calculate z(v).
14
Let z(w) = -11*w + 78. Let u(n) = -14*n + 71. Let p(t) = 2*u(t) - 3*z(t). Calculate p(22).
18
Let y(j) be the first derivative of j**3/3 - 3*j**2/2 + 4*j + 256. Suppose 4 = 7*w - 6*w. Calculate y(w).
8
Let n(l) = 173. Let t(z) = -z + 202. Let c(f) = 7*n(f) - 6*t(f). What is c(7)?
41
Let f(w) = -270*w - 62. Let n(c) = -109*c - 29. Let t(l) = 2*f(l) - 5*n(l). Let a be 4/14 + 30/(-7). Give t(a).
1
Let z(t) = 3*t + 36. Let y(a) = -a**3 + 23*a**2 - 40*a + 385. Let j be y(22). Calculate z(j).
3
Let x be -6*1/6*-3. Let w(a) = 0 - 3 - 1 + 6*a - x - a**2. Let s be 2/(1 - -5)*(7 + 14). Determine w(s).
-14
Suppose -73*q = 23*q + 288. Let g(m) = 12*m + 4. Calculate g(q).
-32
Let f(h) = 143*h + 121*h + 74 + 33*h**2 + 80 + 79 - 239. Give f(-8).
-6
Let m(s) = -7*s + 8. Let y be 15 + 3/(-2 + 24/16). Calculate m(y).
-55
Let b(f) = 56*f - 11*f - 40*f - 14*f - 67 - 297. Calculate b(-42).
14
Suppose 0 = 2*i + 2*i - 5*k - 6, 4 = 2*i - 2*k. Let g(p) = 6 - 2270*p + 2264*p - 5*p**2 + 8*p**2. Calculate g(i).
30
Let w(l) = 20992 - 20940 + 5*l - l. What is w(-12)?
4
Let r(x) = 9*x**2 - 28